{"id":4593,"date":"2021-01-27T16:04:10","date_gmt":"2021-01-27T13:04:10","guid":{"rendered":"http:\/\/hasteknik.com.tr\/?post_type=product&#038;p=4593"},"modified":"2021-01-27T16:04:10","modified_gmt":"2021-01-27T13:04:10","slug":"357500","status":"publish","type":"product","link":"http:\/\/hasteknik.com.tr\/index.php\/urun\/357500\/","title":{"rendered":"357500"},"content":{"rendered":"<p>NEW HOLLAND 8000 SER\u0130S\u0130 &#8211; TX32 ARKA D\u0130NG\u0130L BURCU KALIN<\/p>\n","protected":false},"excerpt":{"rendered":"<p>NEW HOLLAND 8000 SER\u0130S\u0130 &#8211; TX32 ARKA D\u0130NG\u0130L BURCU KALIN<\/p>\n","protected":false},"featured_media":4594,"template":"","meta":[],"product_cat":[494],"product_tag":[517],"class_list":["post-4593","product","type-product","status-publish","has-post-thumbnail","hentry","product_cat-bicerdover","product_tag-517","product-grid-view"],"_links":{"self":[{"href":"http:\/\/hasteknik.com.tr\/index.php\/wp-json\/wp\/v2\/product\/4593","targetHints":{"allow":["GET"]}}],"collection":[{"href":"http:\/\/hasteknik.com.tr\/index.php\/wp-json\/wp\/v2\/product"}],"about":[{"href":"http:\/\/hasteknik.com.tr\/index.php\/wp-json\/wp\/v2\/types\/product"}],"wp:featuredmedia":[{"embeddable":true,"href":"http:\/\/hasteknik.com.tr\/index.php\/wp-json\/wp\/v2\/media\/4594"}],"wp:attachment":[{"href":"http:\/\/hasteknik.com.tr\/index.php\/wp-json\/wp\/v2\/media?parent=4593"}],"wp:term":[{"taxonomy":"product_cat","embeddable":true,"href":"http:\/\/hasteknik.com.tr\/index.php\/wp-json\/wp\/v2\/product_cat?post=4593"},{"taxonomy":"product_tag","embeddable":true,"href":"http:\/\/hasteknik.com.tr\/index.php\/wp-json\/wp\/v2\/product_tag?post=4593"}],"curies":[{"name":"wp","href":"https:\/\/api.w.org\/{rel}","templated":true}]}}